 -4?
8
-5 + 6 + 2 + 2
5
(-14 - -3) + 10 + (-1 - -5)
3
What is 0 - (-9 + (5 - 3))?
7
What is the value of 3 + (-11 - -1) + 2?
-5
Evaluate 0 - 0 - (0 + -2 + 7).
-5
What is the value of 5 + 2 + 0 + -3 - -1?
5
What is -7 + 0 + -28 + 33?
-2
12 + -16 - (-5 + 4) - 5
-8
4 + -2 + (-2 - 1) + -4
-5
What is the value of 22 - 6 - (3 + 2 + 3)?
8
What is the value of 3 + (4 - (7 + 0)) - -5?
5
What is 0 - 1 - (-8 + 5 - 2)?
4
(-3 - -2) + -4 + 6 + -2
-1
What is the value of (19 - 34) + 0 + 8?
-7
Calculate 2 - (-2 + 0 + (-4 - -10)).
-2
Calculate 0 + 6 + 6 + -4 - 4.
4
-4 + 2 + -1 - -3
0
What is the value of 6 - 1 - (16 - 5 - 10)?
4
Evaluate (-7 - (1 - -3)) + (4 - 0).
-7
Evaluate 3 + 0 + 1 + -5.
-1
What is 1 + -8 - (29 + -36)?
0
What is -6 + 1 - (-6 + (1 - -1))?
-1
Calculate -5 - (1 + -1 + -9 - 3).
7
What is the value of -2 + -4 - -3 - (9 + -7)?
-5
21 + -31 + 5 + 15
10
Calculate -8 - (-11 + (-7 - -5)).
5
Evaluate (4 - (-1 - 1) - 3) + 1.
4
Evaluate 3 + 2 + (-60 - -62).
7
What is -4 + 5 + -3 + 8 + -1?
5
What is (1 - 1) + 14 + -19?
-5
What is 3 + (0 - (2 - 3)) - 2?
2
What is -4 + (10 + -2 + -3 - 0)?
1
Calculate 21 + (-10 - -6) - 9.
8
What is the value of 1 + (-4 + -1 - (-6 + 5))?
-3
Evaluate -2 + 8 + -9 + 0.
-3
4 + (-1 + -10 - -5) - 7
-9
What is the value of -9 - (1 - -1 - 7)?
-4
What is -9 - (-1 + (2 - 4) + -2)?
-4
Calculate 4 - (13 + -4 - 3).
-2
Calculate (-5 - 1) + 4 - (-26 - -33).
-9
Evaluate -11 + 1 + 5 + -7 + 4.
-8
(2 - 0) + 1 - (17 - 13)
-1
What is -3 + -3 + (0 + 4 - 1)?
-3
Evaluate 4 - (5 + -7 + 3 + 0).
3
Calculate -10 - 0 - (10 - (2 + 11)).
-7
Evaluate -8 + 14 - 3 - (-1 - 0).
4
What is -3 + -3 - (-5 + 2)?
-3
Calculate 5 - (-2 - (-1 - -4) - -6).
4
Evaluate 6 + -5 - (8 - 4) - -2.
-1
4 - 2 - (-14 + 8 - -13)
-5
-2 - (3 - (2 - -1))
-2
Calculate 6 - (1 + 3) - -4.
6
-1 - 1 - (-22 + 16)
4
Evaluate (2 + 1 - -3) + -4.
2
Calculate 0 + (7 - 2) + (-1 - 10).
-6
Calculate -3 - ((-4 - 6) + 4 + -3).
6
Evaluate (-7 - 0) + 1 + (1 - -1).
-4
What is the value of (1 - (-1 - -3)) + (-38 - -44)?
5
What is 4 + (0 - 11 - -1)?
-6
What is 2 + -2 + (-6 + 10 - 8)?
-4
What is the value of (-6 - (6 + -1 + -11)) + 1?
1
What is 14 + 3 + -6 + -6?
5
Evaluate -21 - (-5 - (-5 + 11)).
-10
What is -2 + (5 - (-1 + 5)) - -4?
3
Evaluate 15 - (-3 + 11 - 1).
8
Calculate -2 - ((-7 - -7) + -12).
10
What is 1 + (-11 + 3 - -4) + 4?
1
What is (-2 - (-3 + (1 - 3))) + -7?
-4
What is -3 + (-4 - -9 - 0)?
2
0 - 1 - (2 + -3)
0
-6 - (6 + 2 + -13 - 6)
5
-81 + 65 - (1 + -3 + -4)
-10
What is 6 - -2 - 2 - (5 + -4)?
5
What is the value of 9 - (-14 + 11) - 11?
1
Evaluate (11 - (2 - 1)) + -5.
5
Calculate (-7 - (-18 - -7)) + 2.
6
Evaluate 2 + -4 + 2 + (1 - -1).
2
3 - 12 - (6 - 20)
5
What is the value of -1 + (-4 + 0 - -16) - 7?
4
2 + (-7 - -3 - 2) + 8
4
What is the value of 9 + (9 - 9 - 9)?
0
Calculate 5 + -1 + 4 + -13.
-5
What is 2 + 7 + (-6 - -5) + -17?
-9
Calculate -3 + -1 - (-3 + 0).
-1
Calculate 6 + -9 - ((-5 - 0) + 1).
1
Calculate 12 - 8 - (1 + 0 + 8).
-5
Evaluate 5 + -1 - (13 + 4 - 10).
-3
-4 - (14 + -15) - (0 + -5)
2
Evaluate 5 + -5 + 0 + 0.
0
(1 - 3 - 2) + (-35 - -36)
-3
What is -4 + 2 + 0 - -6?
4
Calculate 4 + -3 + 2 - 4.
-1
-5 - (-2 + 1) - (-6 - -1)
1
Evaluate (-4 - -2 - -5) + -4.
-1
Evaluate 6 + 5 + (8 - 3) + -10.
6
What is the value of 4 + -5 + 4 - (-1 - -3)?
1
Evaluate (0 - -1) + (-15 - (-7 + -1)).
-6
What is the value of -1 - (1 + 1) - (-3 + 4)?
-4
What is 37 + -35 + -12 + 2?
-8
Evaluate (3 - (5 - -4)) + 2 + -5.
-9
What is the value of 5 + (-7 - (-7 - -6)) + -4?
-5
Evaluate 3 - 6 - 1 - 1.
-5
-9 + 8 + 7 + -9
-3
What is 1 - (3 + 0) - (284 + -297)?
11
Evaluate -2 + 0 + 5 + (-3 - 1).
-1
Evaluate 5 - (-1 - -2 - 0) - 2.
2
Evaluate 2 + -1 + (2 + 2 - 3).
2
What is the value of -4 + 4 - 5 - -5?
0
Calculate -4 - (-4 + 15 - 14).
-1
1 + -2 + 4 + (-12 - -4)
-5
Evaluate -3 + (4 - 2) + -3.
-4
Calculate 0 + (5 - 2) + 1.
4
What is the value of -18 + 15 - (-17 + (-3 - -6))?
11
Evaluate 0 + (-4 - 3 - -1) + 11.
5
-7 + -30 + 31 + 11 + 0
5
Evaluate (1 - (-6 - -7)) + (5 - -2).
7
Calculate (-1 + 0 - -2) + 30 + -26.
5
Calculate (4 - (4 - -3)) + 7.
4
-5 + -1 + 15 + -11
-2
What is the value of -6 + -1 - -7 - (0 + -4)?
4
0 + -4 + 2 - -2
0
11 - (10 + -5 - 0) - 5
1
-4 - (-13 + 0 + 7)
2
What is the value of 2 + -1 - (0 + 6 + -4)?
-1
Calculate 92 + -89 - (1 + 5 + 0).
-3
Calculate 3 - (1 - (3 + -1)) - -1.
5
-4 + (3 - (-4 - -3))
0
What is 0 + -3 - (-6 + (17 - 9))?
-5
Calculate (-2 - 2) + -6 + 8.
-2
(0 + -6 - 5) + (12 - 5)
-4
Calculate (7 - 11 - 4) + 5.
-3
What is the value of (2 - (4 + 2)) + (17 - 16)?
-3
Evaluate -6 - (-19 + -1 + 9).
5
Calculate 6 + 1 + -1 + -1 + -5.
0
Calculate -5 + (-3 - (-1 - 2)).
-5
Calculate -5 + (8 - 7) + (7 - 6).
-3
What is the value of (-1 - 3) + (5 + -1 - -3)?
3
What is the value of -8 + 6 + 1 + 7 - 4?
2
What is the value of 3 - (3 + -7 + 2 + -2)?
7
Calculate -2 + (6 - (-3 - (1 + -3))).
5
-2 + 7 + 5 + -10 + 4
4
Calculate (-7 - -12) + 1 + -9.
-3
Evaluate 6 + 1 + -5 + -6 + 2.
-2
Evaluate -3 + (4 - 3) + -3.
-5
What is the value of (-107 - -96) + 0 + 16?
5
2 - ((4 - 8 - -1) + 0)
5
-1 - (-1 + (-9 - 0))
9
What is the value of 3 + (-4 - -1) + 5?
5
-2 + -1 - -3 - -3 - -1
4
Calculate -3 - -6 - (-34 + 29).
8
Evaluate (3 - (2 - -4)) + 3.
0
What is the value of 7 - (9 + -10 - -10)?
-2
Calculate -7 - (7 + -4 + 3 - 5).
-8
What is the value of 0 + -4 - (10 + (-7 - 4))?
-3
What is the value of (6 - 9) + (2 - (-2 + 2))?
-1
What is 12 + -20 + 4 + -1 - -5?
0
(12 - (6 + 16)) + 1
-9
What is the value of 12 + -8 - (7 - 9)?
6
-7 + 3 + 13 - 5
4
What is the value of -12 + 18 - (11 + -3 - 3)?
1
(-2 - -4) + 4 + 7 + -8
5
What is the value of (1 - -1) + (3 - (-3 - -7))?
1
What is 3 + -1 + (-2 - -4 - 4)?
0
(-1 - 4) + (-2 + 6 - 4)
-5
3 + (3 + -1 + -1 - 0)
4
What is 0 + -3 + 0 + 2 + -2?
-3
3 - ((5 - -2) + -2)
-2
Calculate 6 + -12 + (-6 - -13).
1
Calculate 9 + (-7 + 8 - 6) + 4.
8
What is the value of 2 + -4 + (-3 + 3 - 6)?
-8
Calculate 10 + -5 + (2 - 2).
5
Evaluate -10 - (3 + -7 + 2).
-8
(15 - 5 - 4) + 0
6
Calculate -3 - (0 + -8) - 5 - -7.
7
What is -7 + 7 - 1 - 2?
-3
13 + (-5 - 0) + (11 - 10)
9
Evaluate -127 - -120 - (-1 - 12).
6
What is 5 + -10 - (-3 - -1)?
-3
Calculate (-4 - -2 - (5 + -7)) + 4.
4
6 + (4 - 10 - -3)
3
Evaluate -2 + 6 - (8 - 4 - 3).
3
What is the value of 0 + -2 + (4 - -1) + 2?
5
Evaluate (4 - 2) + (2 - 1 - 2).
1
Evaluate -6 - (4 + -5 - 4).
-1
Calculate 5 + (-1 - (10 - 5)).
-1
What is the value of 3 + -1 + (-4 - -4)?
2
Calculate -1 - 3 - (-4 + (-2 - -4)).
-2
What is -15 + (-7 - -19) - -13?
10
Calculate -9 - (-23 - -7 - -11).
-4
Calculate 0 + 5 + 5 + (-1 - 6).
3
What is the value of (-5 - -3) + 6 + -8?
-4
5 + (-2 - (-2 - 0))
5
Calculate -3 + (14 - (-10 + 17)).
4
Calculate -5 + 2 + 0 + -1 - -1.
-3
What is (-19 - -22) + -2 + 4?
5
Evaluate (0 + -2 - (-2 + 2)) + -1.
-3
Calculate 3 - (-2 - (-4 - (-2 - 5))).
8
What is the value of (-9 - (1 - 2)) + (5 - 1)?
-4
What is the value of (-13 - -6) + (14 - 4)?
3
-53 + 47 - (0 - -2)
-8
Evaluate 3 - (6 + 2 + -4 + 0).
-1
What is the value of 1 - (1 + 1) - -1 - -5?
5
What is 8 + 9 + -11 - (0 + 7)?
-1
Calculate (6 - 1) + (3 - 3).
5
What is the value of 3 + (1 - 3) + -1 + 2?
2
-10 + (24 - 6) - 7
1
Evaluate 4 + (4 - (-6 + 5 - -1)).
8
Calculate -3 - (5 + 3 + -10).
-1
What is the value of -2 - (-7 - (2 - 6)) - 0?
1
What is (6 - (2 - 4)) + -7?
1
19 - 19 - (1 + -4)
3
Evaluate -5 + 9 + (3 - 5).
2
What is the value of 2 + 1 + -7 - (1 + 0)?
-5
-7 + -3 + 1 + 15
6
Evaluate -18 + 6 + 6 + 6.
0
What is -4 + (2 - (0 + 0 - 0))?
-2
Evaluate -5 + (-2 - (0 + -3 + -3)).
-1
10 + -18 + -2 + 6
-4
Calculate -3 + 11 + -1 - 8.
-1
Evaluate (3 - (22 + -9)) + 8.
-2
Calculate 0 + -6 - (4 + -7 + 3).
-6
What is (-21 - -21) + -4 + -1 - -4?
-1
What is 9 + (-1 + (4 - 6) - -1)?
7
-14 + 3 - (-11 - 5)
5
6 + (-4 - (-4 - -5)) + -1
0
What is -1 + 5 + (4 - 6) + 2?
4
What is 15 + -17 + 4 + 6?
8
-3 - (-14 + (21 - 13))
3
2 + -2 + 3 + 1 + -2
2
-2 + 4 - -4 - 4
2
-21 + 17 - (2 + -2 + -2)
-2
What is the value of 5 + 2 + -4 - 2?
1
(1 - -11) + 1 + -12
1
(3 - -1) + 109 + -107
6
Calculate 2 + -1 - (74 - 74).
1
What is the value of 5 + 2 + -18 + 9?
-2
Evaluate -1 - (-1 + -3 + 2).
1
(1 - 2) + (-51 - -57)
5
What is 5 - (-2 - 1 - (-13 + 6))?
1
What is (2 + 0 - 13) + (-11 - -14)?
-8
What is the value of 10 + 0 + (-4 - -3 - 4)?
5
Evaluate -4 - (-11 + 1